y 48537519?
0
What is the remainder when 173375 is divided by 222?
215
What is the remainder when 450075 is divided by 2427?
1080
What is the remainder when 191705 is divided by 1957?
1876
What is the remainder when 260028 is divided by 922?
24
Calculate the remainder when 531646 is divided by 387.
295
What is the remainder when 489662 is divided by 940?
862
What is the remainder when 2335655 is divided by 55?
25
Calculate the remainder when 13456 is divided by 214.
188
What is the remainder when 991502 is divided by 3384?
3374
What is the remainder when 33424336 is divided by 45?
1
What is the remainder when 8741965 is divided by 39736?
45
What is the remainder when 52523754 is divided by 14?
10
Calculate the remainder when 61673261 is divided by 8.
5
Calculate the remainder when 39126956 is divided by 20.
16
What is the remainder when 9245259 is divided by 1155654?
27
Calculate the remainder when 4028873 is divided by 2991.
2987
What is the remainder when 21838 is divided by 7197?
247
Calculate the remainder when 410796 is divided by 579.
285
Calculate the remainder when 14128 is divided by 3847.
2587
Calculate the remainder when 23404612 is divided by 1.
0
What is the remainder when 5371291 is divided by 1731?
1729
Calculate the remainder when 119918 is divided by 29947.
130
What is the remainder when 21991056 is divided by 2319?
2298
Calculate the remainder when 2808751 is divided by 31.
27
Calculate the remainder when 4746843 is divided by 124.
123
Calculate the remainder when 6173471 is divided by 50.
21
Calculate the remainder when 573317 is divided by 22.
19
What is the remainder when 1472026 is divided by 2610?
2596
What is the remainder when 2589695 is divided by 50?
45
What is the remainder when 47343 is divided by 464?
15
Calculate the remainder when 2932531 is divided by 196.
175
Calculate the remainder when 1374177 is divided by 1755.
12
Calculate the remainder when 78727245 is divided by 318.
303
What is the remainder when 218843505 is divided by 2179?
2177
Calculate the remainder when 8281538 is divided by 54.
44
What is the remainder when 36045 is divided by 17766?
513
Calculate the remainder when 401404 is divided by 5575.
4
Calculate the remainder when 9879151 is divided by 1149.
49
What is the remainder when 3736698 is divided by 860?
858
Calculate the remainder when 1697883 is divided by 53056.
91
What is the remainder when 222920 is divided by 1785?
1580
Calculate the remainder when 47459 is divided by 117.
74
What is the remainder when 91748 is divided by 484?
272
What is the remainder when 57641410 is divided by 13?
8
Calculate the remainder when 16359678 is divided by 27.
0
What is the remainder when 90345931 is divided by 518?
515
What is the remainder when 13792757 is divided by 111?
8
What is the remainder when 2823423 is divided by 41?
40
What is the remainder when 5154622 is divided by 137?
134
Calculate the remainder when 137537648 is divided by 4841.
4838
Calculate the remainder when 35376439 is divided by 2915.
2914
What is the remainder when 104142 is divided by 8459?
2634
What is the remainder when 336648 is divided by 755?
673
Calculate the remainder when 61132202 is divided by 3531.
3530
Calculate the remainder when 103598 is divided by 3845.
3628
What is the remainder when 4102662 is divided by 4416?
198
What is the remainder when 279082077 is divided by 1230?
1227
What is the remainder when 284949 is divided by 28481?
139
What is the remainder when 23365494 is divided by 7?
5
What is the remainder when 39247 is divided by 4357?
34
What is the remainder when 1112350 is divided by 224?
190
Calculate the remainder when 622627 is divided by 17237.
2095
What is the remainder when 1016026287 is divided by 370?
367
What is the remainder when 791180 is divided by 3077?
391
Calculate the remainder when 557475 is divided by 50627.
578
Calculate the remainder when 72298 is divided by 197.
196
Calculate the remainder when 51568 is divided by 2507.
1428
What is the remainder when 936877 is divided by 219?
214
What is the remainder when 4745606 is divided by 265?
251
What is the remainder when 466215 is divided by 233099?
17
Calculate the remainder when 30222224 is divided by 929.
925
Calculate the remainder when 571715 is divided by 81642.
221
What is the remainder when 2532128 is divided by 12?
8
What is the remainder when 59540 is divided by 7114?
2628
Calculate the remainder when 42417 is divided by 20925.
567
What is the remainder when 1838677 is divided by 919292?
93
Calculate the remainder when 67552170 is divided by 23.
20
Calculate the remainder when 9607341 is divided by 3371.
3362
What is the remainder when 343900784 is divided by 15?
14
Calculate the remainder when 14555099 is divided by 1434.
1433
Calculate the remainder when 140804 is divided by 4261.
191
What is the remainder when 802130 is divided by 1238?
1144
Calculate the remainder when 4665887 is divided by 83319.
23
What is the remainder when 909400 is divided by 1503?
85
What is the remainder when 273947 is divided by 133?
100
What is the remainder when 9638304 is divided by 22208?
32
Calculate the remainder when 37070398 is divided by 70476.
22
What is the remainder when 114643 is divided by 3442?
1057
What is the remainder when 495660 is divided by 1752?
1596
Calculate the remainder when 401938 is divided by 10.
8
What is the remainder when 37113198 is divided by 21?
3
Calculate the remainder when 28447 is divided by 3128.
295
Calculate the remainder when 1891123 is divided by 630347.
82
What is the remainder when 94310 is divided by 2037?
608
Calculate the remainder when 311472643 is divided by 5.
3
Calculate the remainder when 401492 is divided by 34.
20
What is the remainder when 22157293 is divided by 3165314?
95
What is the remainder when 4127928 is divided by 4174?
4016
What is the remainder when 4333179 is divided by 57?
39
Calculate the remainder when 509120 is divided by 36364.
24
What is the remainder when 746754 is divided by 21894?
2358
What is the remainder when 431166 is divided by 20531?
15
What is the remainder when 374523 is divided by 2680?
2003
What is the remainder when 57956 is divided by 880?
756
Calculate the remainder when 1573420 is divided by 143036.
24
What is the remainder when 12877131 is divided by 40?
11
Calculate the remainder when 4644760 is divided by 179.
68
Calculate the remainder when 58562895 is divided by 22.
17
What is the remainder when 5415946 is divided by 26?
16
What is the remainder when 1541780 is divided by 363?
119
Calculate the remainder when 1139998 is divided by 1190.
1168
Calculate the remainder when 16439345 is divided by 693.
692
Calculate the remainder when 11898 is divided by 4429.
3040
What is the remainder when 10424013 is divided by 785?
783
Calculate the remainder when 100053 is divided by 1300.
1253
What is the remainder when 13677147 is divided by 95?
92
What is the remainder when 4267704 is divided by 254?
250
Calculate the remainder when 20898 is divided by 6964.
6
Calculate the remainder when 3880293 is divided by 384.
357
What is the remainder when 6551658 is divided by 1310322?
48
Calculate the remainder when 4798040 is divided by 42.
2
Calculate the remainder when 1961455 is divided by 1020.
1015
What is the remainder when 2422861 is divided by 53?
19
What is the remainder when 13358819 is divided by 830?
799
Calculate the remainder when 12923887 is divided by 58.
37
What is the remainder when 263168 is divided by 9882?
6236
What is the remainder when 205341963 is divided by 21?
15
Calculate the remainder when 2218448 is divided by 95.
8
Calculate the remainder when 153434 is divided by 2191.
64
What is the remainder when 5593232 is divided by 1864378?
98
Calculate the remainder when 2571951 is divided by 2385.
921
What is the remainder when 86569 is divided by 1122?
175
What is the remainder when 99626 is divided by 262?
66
What is the remainder when 22523812 is divided by 1128?
1036
What is the remainder when 6658048 is divided by 6657826?
222
What is the remainder when 29414 is divided by 8787?
3053
What is the remainder when 6156672 is divided by 772?
744
What is the remainder when 5971497 is divided by 500?
497
Calculate the remainder when 1539387 is divided by 3927.
3